{"id":54,"date":"2022-12-20T14:49:53","date_gmt":"2022-12-20T13:49:53","guid":{"rendered":"https:\/\/www.bbscgm.de\/?page_id=54"},"modified":"2024-07-16T18:03:42","modified_gmt":"2024-07-16T16:03:42","slug":"jav-aufbauseminar","status":"publish","type":"page","link":"https:\/\/www.bbs-cgm.de\/?page_id=54","title":{"rendered":"JAV \u2013 Aufbauseminar"},"content":{"rendered":"\n<p>Das Seminar ist ideal f\u00fcr JAV- Mitglieder, Vorsitzende der JAV, Ersatzmitglieder, Gesamt- JAV- Mitglieder und die neuen Konzern- JAV (siehe hierzu die \u00c4nderung des Betriebsverfassungsgesetzes, neues Gremium die Konzern- JAV) nach dem Besuch des Seminars \u201eGrundlagenseminar f\u00fcr die JAV\u201c oder einem entsprechenden Wissensstand aus der praktischen JAV- Arbeit.<\/p>\n\n\n\n<p>Die Teilnehmer\/innen sollen im Seminar ihre Kenntnisse f\u00fcr eine erfolgreiche JAV- Arbeit im Betrieb vertiefen, umfangreiche Kenntnisse im Bereich des Projektmanagement erhalten, umfassend \u00fcber die professionelle Gesch\u00e4ftsf\u00fchrung und das Teamwork als JAV informiert werden.<\/p>\n\n\n\n<p>Die vermittelten Inhalte werden durch viele Praxis-\u00dcbungen unterst\u00fctzt.<\/p>\n\n\n\n<p><strong>Ihr Referent\/in Ihre Referenten<\/strong><\/p>\n\n\n\n<p><strong>Jean-Louis Wolf<\/strong><br>Kommunikationstrainer,<\/p>\n\n\n\n<p><strong>Ralf Holten<\/strong><br>Diplom-Kaufmann, Jurist, langj\u00e4hriger Gesch\u00e4ftsf\u00fchrer und Arbeitnehmervertreter<\/p>\n\n\n\n<p><strong>Inhalt<\/strong><\/p>\n\n\n\n<p><strong>Grunds\u00e4tze der Vorbereitung und Durchf\u00fchrung der Jugend- und Auszubildendenversammlung<\/strong><\/p>\n\n\n\n<ul class=\"wp-block-list\">\n<li>Die Vorbereitung und Einladung zur Versammlung<\/li>\n\n\n\n<li>Wie erreiche ich die Jugendlichen im Betrieb?<\/li>\n\n\n\n<li>Gestaltung von Informationsbl\u00e4ttern, Erarbeitung von Frageb\u00f6gen<\/li>\n\n\n\n<li>Problemsammlung im Vorfeld der JA- Versammlung<\/li>\n<\/ul>\n\n\n\n<p><strong>Die Durchf\u00fchrung der JAV- Versammlung<\/strong><\/p>\n\n\n\n<ul class=\"wp-block-list\">\n<li>Erarbeitung von Plan- und Gruppenspielen zur Anwendung in der JAV- Versammlung<\/li>\n\n\n\n<li>Metaplan und Projektkoordinierung<\/li>\n\n\n\n<li>Gemeinsame Ziele der Jugendlichen im Betrieb zusammenfassen<\/li>\n\n\n\n<li>Nachbereitung der Jugend- und Auszubildendenversammlung<\/li>\n<\/ul>\n\n\n\n<p><strong>Projektplanung<\/strong><\/p>\n\n\n\n<ul class=\"wp-block-list\">\n<li>\u00d6ffentlichkeitsarbeit \/ Informationsdienste f\u00fcr Jugendliche im Betrieb<\/li>\n\n\n\n<li>Intranet und Internet<\/li>\n\n\n\n<li>Zielstellung und Projektmanagement der JAV<\/li>\n\n\n\n<li>Teamarbeit in der JAV<\/li>\n\n\n\n<li>Die JAV als Gruppe<\/li>\n\n\n\n<li>Konfliktpotentiale\/ Brainstorming in der Gruppe<\/li>\n\n\n\n<li>Befragung der Jugendlichen im Betrieb<\/li>\n<\/ul>\n\n\n\n<p><strong>Die Gesch\u00e4ftsf\u00fchrung der JAV<\/strong><\/p>\n\n\n\n<ul class=\"wp-block-list\">\n<li>Wie bereite ich eine JAV-Sitzung vor?<\/li>\n\n\n\n<li>Beschl\u00fcsse richtig fassen und protokollieren<\/li>\n\n\n\n<li>Wie binde ich alle JAV- Mitglieder in die aktive JAV-Arbeit ein?<\/li>\n\n\n\n<li>Arbeitsverteilung und Kontrolle<\/li>\n\n\n\n<li>Wie kann ich die Probleme der Jugendlichen im Betrieb besser erfassen?<\/li>\n\n\n\n<li>Arbeitsbefreiung f\u00fcr die JAV- Arbeit<\/li>\n\n\n\n<li>K\u00fcndigungsschutz f\u00fcr Mitglieder der JAV<\/li>\n<\/ul>\n\n\n\n<p><strong>Die&nbsp;JAV im und mit dem Betriebsrat<\/strong><\/p>\n\n\n\n<ul class=\"wp-block-list\">\n<li>Die Durchsetzung von Beschl\u00fcssen der JAV<\/li>\n\n\n\n<li>Teilnahme an den Sitzungen des BR<\/li>\n\n\n\n<li>Das Recht auf Teilnahme an den Abstimmungen des BR<\/li>\n\n\n\n<li>Aussetzung von Beschl\u00fcssen des BR<\/li>\n\n\n\n<li>Erfolgreiche Zusammenarbeit mit dem BR, den Ausbilder(n) und der Gesch\u00e4ftsleitung<\/li>\n<\/ul>\n\n\n\n<p>Darstellung und Diskussion aktueller und richtungsweisender Urteile anhand der aktuellen Rechtsprechung. Die vermittelten Inhalte werden durch viele Praxis-\u00dcbungen unterst\u00fctzt.<\/p>\n\n\n\n<p><strong>Seminar-Termin<\/strong><\/p>\n\n\n\n<p><strong>da f\u00fcr das Jahr\u00a02024\u00a0im Zeitraum September bis November die Wahlen zur Jugend- und Auszubildenden-Vertretung anstehen wird dieses Seminar erst wieder Anfang 2025 oder auf Nachfrage angeboten<\/strong><\/p>\n\n\n\n<p><strong>Seminar-Zeiten<\/strong><\/p>\n\n\n\n<p>Beginn am ersten Tag: 9:30 Uhr<br>Ende am letzten Tag: 16:00 Uhr<\/p>\n\n\n\n<p><strong>Seminar-Ort<\/strong><\/p>\n\n\n\n<p>Raum Nordschwarzwald, Hotel wird rechtzeitig bekanntgegeben<\/p>\n\n\n\n<p><strong>Seminar-Kosten<\/strong><\/p>\n\n\n\n<p>\u20ac 920,- (brutto) bei 1 Teilnehmer, plus \u00dcbernachtung<\/p>\n\n\n\n<p><strong>Fahrtkosten<\/strong><\/p>\n\n\n\n<p>Die Fahrtkosten sind vom Teilnehmer direkt mit dem Arbeitgeber abzurechnen. Es gelten die betriebs\u00fcblichen Fahrtkostenregelungen.<\/p>\n\n\n\n<p><strong>Auskunft und Anmeldung<\/strong><\/p>\n\n\n\n<ul class=\"wp-block-list\">\n<li>Die Anmeldung muss schriftlich erfolgen.<\/li>\n\n\n\n<li>Jeder Teilnehmer erh\u00e4lt eine schriftliche Anmeldebest\u00e4tigung.<\/li>\n\n\n\n<li>Bei Stornierung der Anmeldung gelten folgende Regelungen:<\/li>\n<\/ul>\n\n\n\n<p>Bei R\u00fccktritt bis 3 Wochen vor Seminarbeginn fallen keine Kosten an.<br>Bei R\u00fccktritt bis eine Woche vor Seminarbeginn stellen wir 20 % der Teilnehmergeb\u00fchr in Rechnung.<br>Bei kurzfristiger Absage innerhalb einer Woche sind 50% der Teilnehmergeb\u00fchr zu zahlen.<\/p>\n\n\n\n<p>Bei Nichtteilnahme ohne vorherige Absage ist die volle Teilnehmergeb\u00fchr f\u00e4llig.<\/p>\n\n\n\n<p><strong>Der Arbeitgeber ist zur \u00dcbernahme der Kosten nach dem BetrVG verpflichtet.<\/strong><\/p>\n","protected":false},"excerpt":{"rendered":"<p>Das Seminar ist ideal f\u00fcr JAV- Mitglieder, Vorsitzende der JAV, Ersatzmitglieder, Gesamt- JAV- Mitglieder und die neuen Konzern- JAV (siehe hierzu die \u00c4nderung des Betriebsverfassungsgesetzes, neues Gremium die Konzern- JAV) nach dem Besuch des Seminars \u201eGrundlagenseminar f\u00fcr die JAV\u201c oder einem entsprechenden Wissensstand aus der praktischen JAV- Arbeit. Die Teilnehmer\/innen sollen im Seminar ihre Kenntnisse &hellip; <\/p>\n<p class=\"link-more\"><a href=\"https:\/\/www.bbs-cgm.de\/?page_id=54\" class=\"more-link\">Mehr <span class=\"screen-reader-text\">\u00fcber &#8222;JAV \u2013 Aufbauseminar&#8220; <\/span>Lesen<\/a><\/p>\n","protected":false},"author":1,"featured_media":0,"parent":0,"menu_order":0,"comment_status":"closed","ping_status":"closed","template":"","meta":{"footnotes":""},"class_list":["post-54","page","type-page","status-publish","hentry"],"_links":{"self":[{"href":"https:\/\/www.bbs-cgm.de\/index.php?rest_route=\/wp\/v2\/pages\/54","targetHints":{"allow":["GET"]}}],"collection":[{"href":"https:\/\/www.bbs-cgm.de\/index.php?rest_route=\/wp\/v2\/pages"}],"about":[{"href":"https:\/\/www.bbs-cgm.de\/index.php?rest_route=\/wp\/v2\/types\/page"}],"author":[{"embeddable":true,"href":"https:\/\/www.bbs-cgm.de\/index.php?rest_route=\/wp\/v2\/users\/1"}],"replies":[{"embeddable":true,"href":"https:\/\/www.bbs-cgm.de\/index.php?rest_route=%2Fwp%2Fv2%2Fcomments&post=54"}],"version-history":[{"count":3,"href":"https:\/\/www.bbs-cgm.de\/index.php?rest_route=\/wp\/v2\/pages\/54\/revisions"}],"predecessor-version":[{"id":145,"href":"https:\/\/www.bbs-cgm.de\/index.php?rest_route=\/wp\/v2\/pages\/54\/revisions\/145"}],"wp:attachment":[{"href":"https:\/\/www.bbs-cgm.de\/index.php?rest_route=%2Fwp%2Fv2%2Fmedia&parent=54"}],"curies":[{"name":"wp","href":"https:\/\/api.w.org\/{rel}","templated":true}]}}

<p>Das Seminar ist ideal für JAV- Mitglieder, Vorsitzende der JAV, Ersatzmitglieder, Gesamt- JAV- Mitglieder und die neuen Konzern- JAV (siehe hierzu die Änderung des Betriebsverfassungsgesetzes, neues Gremium die Konzern- JAV) nach dem Besuch des Seminars „Grundlagenseminar für die JAV“ oder einem entsprechenden Wissensstand aus der praktischen JAV- Arbeit.</p>



<p>Die Teilnehmer/innen sollen im Seminar ihre Kenntnisse für eine erfolgreiche JAV- Arbeit im Betrieb vertiefen, umfangreiche Kenntnisse im Bereich des Projektmanagement erhalten, umfassend über die professionelle Geschäftsführung und das Teamwork als JAV informiert werden.</p>



<p>Die vermittelten Inhalte werden durch viele Praxis-Übungen unterstützt.</p>



<p><strong>Ihr Referent/in Ihre Referenten</strong></p>



<p><strong>Jean-Louis Wolf</strong><br>Kommunikationstrainer,</p>



<p><strong>Ralf Holten</strong><br>Diplom-Kaufmann, Jurist, langjähriger Geschäftsführer und Arbeitnehmervertreter</p>



<p><strong>Inhalt</strong></p>



<p><strong>Grundsätze der Vorbereitung und Durchführung der Jugend- und Auszubildendenversammlung</strong></p>



<ul class="wp-block-list">
<li>Die Vorbereitung und Einladung zur Versammlung</li>



<li>Wie erreiche ich die Jugendlichen im Betrieb?</li>



<li>Gestaltung von Informationsblättern, Erarbeitung von Fragebögen</li>



<li>Problemsammlung im Vorfeld der JA- Versammlung</li>
</ul>



<p><strong>Die Durchführung der JAV- Versammlung</strong></p>



<ul class="wp-block-list">
<li>Erarbeitung von Plan- und Gruppenspielen zur Anwendung in der JAV- Versammlung</li>



<li>Metaplan und Projektkoordinierung</li>



<li>Gemeinsame Ziele der Jugendlichen im Betrieb zusammenfassen</li>



<li>Nachbereitung der Jugend- und Auszubildendenversammlung</li>
</ul>



<p><strong>Projektplanung</strong></p>



<ul class="wp-block-list">
<li>Öffentlichkeitsarbeit / Informationsdienste für Jugendliche im Betrieb</li>



<li>Intranet und Internet</li>



<li>Zielstellung und Projektmanagement der JAV</li>



<li>Teamarbeit in der JAV</li>



<li>Die JAV als Gruppe</li>



<li>Konfliktpotentiale/ Brainstorming in der Gruppe</li>



<li>Befragung der Jugendlichen im Betrieb</li>
</ul>



<p><strong>Die Geschäftsführung der JAV</strong></p>



<ul class="wp-block-list">
<li>Wie bereite ich eine JAV-Sitzung vor?</li>



<li>Beschlüsse richtig fassen und protokollieren</li>



<li>Wie binde ich alle JAV- Mitglieder in die aktive JAV-Arbeit ein?</li>



<li>Arbeitsverteilung und Kontrolle</li>



<li>Wie kann ich die Probleme der Jugendlichen im Betrieb besser erfassen?</li>



<li>Arbeitsbefreiung für die JAV- Arbeit</li>



<li>Kündigungsschutz für Mitglieder der JAV</li>
</ul>



<p><strong>Die&nbsp;JAV im und mit dem Betriebsrat</strong></p>



<ul class="wp-block-list">
<li>Die Durchsetzung von Beschlüssen der JAV</li>



<li>Teilnahme an den Sitzungen des BR</li>



<li>Das Recht auf Teilnahme an den Abstimmungen des BR</li>



<li>Aussetzung von Beschlüssen des BR</li>



<li>Erfolgreiche Zusammenarbeit mit dem BR, den Ausbilder(n) und der Geschäftsleitung</li>
</ul>



<p>Darstellung und Diskussion aktueller und richtungsweisender Urteile anhand der aktuellen Rechtsprechung. Die vermittelten Inhalte werden durch viele Praxis-Übungen unterstützt.</p>



<p><strong>Seminar-Termin</strong></p>



<p><strong>da für das Jahr 2024 im Zeitraum September bis November die Wahlen zur Jugend- und Auszubildenden-Vertretung anstehen wird dieses Seminar erst wieder Anfang 2025 oder auf Nachfrage angeboten</strong></p>



<p><strong>Seminar-Zeiten</strong></p>



<p>Beginn am ersten Tag: 9:30 Uhr<br>Ende am letzten Tag: 16:00 Uhr</p>



<p><strong>Seminar-Ort</strong></p>



<p>Raum Nordschwarzwald, Hotel wird rechtzeitig bekanntgegeben</p>



<p><strong>Seminar-Kosten</strong></p>



<p>€ 920,- (brutto) bei 1 Teilnehmer, plus Übernachtung</p>



<p><strong>Fahrtkosten</strong></p>



<p>Die Fahrtkosten sind vom Teilnehmer direkt mit dem Arbeitgeber abzurechnen. Es gelten die betriebsüblichen Fahrtkostenregelungen.</p>



<p><strong>Auskunft und Anmeldung</strong></p>



<ul class="wp-block-list">
<li>Die Anmeldung muss schriftlich erfolgen.</li>



<li>Jeder Teilnehmer erhält eine schriftliche Anmeldebestätigung.</li>



<li>Bei Stornierung der Anmeldung gelten folgende Regelungen:</li>
</ul>



<p>Bei Rücktritt bis 3 Wochen vor Seminarbeginn fallen keine Kosten an.<br>Bei Rücktritt bis eine Woche vor Seminarbeginn stellen wir 20 % der Teilnehmergebühr in Rechnung.<br>Bei kurzfristiger Absage innerhalb einer Woche sind 50% der Teilnehmergebühr zu zahlen.</p>



<p>Bei Nichtteilnahme ohne vorherige Absage ist die volle Teilnehmergebühr fällig.</p>



<p><strong>Der Arbeitgeber ist zur Übernahme der Kosten nach dem BetrVG verpflichtet.</strong></p>

<p>Das Seminar ist ideal für JAV- Mitglieder, Vorsitzende der JAV, Ersatzmitglieder, Gesamt- JAV- Mitglieder und die neuen Konzern- JAV (siehe hierzu die Änderung des Betriebsverfassungsgesetzes, neues Gremium die Konzern- JAV) nach dem Besuch des Seminars „Grundlagenseminar für die JAV“ oder einem entsprechenden Wissensstand aus der praktischen JAV- Arbeit. Die Teilnehmer/innen sollen im Seminar ihre Kenntnisse &hellip; </p>
<p class="link-more"><a href="https://www.bbs-cgm.de/?page_id=54" class="more-link">Mehr <span class="screen-reader-text">über &#8222;JAV – Aufbauseminar&#8220; </span>Lesen</a></p>
