{"id":56,"date":"2022-12-20T14:50:11","date_gmt":"2022-12-20T13:50:11","guid":{"rendered":"https:\/\/www.bbscgm.de\/?page_id=56"},"modified":"2024-07-16T18:05:15","modified_gmt":"2024-07-16T16:05:15","slug":"jav-grundlagenseminar-2022-wahlen-und-mandat","status":"publish","type":"page","link":"https:\/\/www.bbs-cgm.de\/?page_id=56","title":{"rendered":"JAV \u2013 Grundlagenseminar 2024 \u2013 Wahlen und Mandat"},"content":{"rendered":"\n<p><strong><em>Einladung<\/em><\/strong><\/p>\n\n\n\n<p><strong><em>zu Schulungs- und Bildungsma\u00dfnahmen f\u00fcr Betriebsr\u00e4te und JAV-Vertreter gem\u00e4\u00df<\/em><\/strong><\/p>\n\n\n\n<p><strong><em>\u00a7 37 Abs. 6 BetrVG<br><\/em><\/strong><\/p>\n\n\n\n<p>Die BBS-Berufsbildungsst\u00e4tte e.V. veranstaltet f\u00fcr Betriebsratsmitglieder und Jugend- und AuszubildendenVertreter Seminare, die f\u00fcr die Arbeit als Mandatstr\u00e4ger und im Gremium erforderlich sind.<\/p>\n\n\n\n<p>Mit der Schaffung der JAV (Jugend- und Auszubildendenvertretung) haben sich die M\u00f6glichkeiten der betrieblichen Interessensvertretung im Jugend- und Ausbildungsbereich wesentlich verbessert.<\/p>\n\n\n\n<p>Die T\u00e4tigkeit als Mitglied in der Jugend- und Auszubildendenvertretung erfordert gr\u00fcndliche Kenntnisse der Betriebsverfassung und des Arbeitsrechts, damit die Interessen der betroffenen Jugendlichen und Auszubildenden auch wahrgenommen werden k\u00f6nnen.<\/p>\n\n\n\n<p>Die in diesem Seminar vermittelten Kenntnisse sind im Sinne von \u00a7 37 Abs. 6 BetrVG f\u00fcr alle JAV-Mitglieder erforderlich. Ihr beschlie\u00dft die Teilnahme eines Mitglieder Eurer JAV am Seminar und unterrichtet den Betriebsrat \u00fcber die geplante Seminarteilnahme. Danach stimmt der Betriebsrat durch Beschluss der Schulungsteilnahme zu und unterrichtet die Gesch\u00e4ftsleitung.<\/p>\n\n\n\n<p>In Baden-W\u00fcrttemberg und bundesweit bieten wir Ihnen im turnusm\u00e4\u00dfgen Wahljahr 2024 Seminare verschiedener Art und Themenbereiche an. Sollte trotz dieser Wahlm\u00f6glichkeiten kein Wunschtermin dabei sein, setzen Sie sich mit uns, der BBS-Berufsbiildungsst\u00e4tte in Verbindung. Das Angebot von Inhouse-Seminaren bietet dabei\u00a0 individuellen Zuschnitt und geringeren Schulungsaufwand bei mehr Teilnehmern pro Betrieb oder Unternehmen.<\/p>\n\n\n\n<p>Alle weiteren Einzelheiten sind unten stehend beschrieben. Bei R\u00fcckfragen wenden Sie sich direkt an uns unter der umseitig angegebenen Adresse.<\/p>\n\n\n\n<p><strong>Ihre Moderatoren<\/strong><\/p>\n\n\n\n<p>Ralf Holten<\/p>\n\n\n\n<p><strong>Ihr Referent<\/strong><\/p>\n\n\n\n<p>Dipl.-Kfm. Ralf Holten<br>Jurist und langj\u00e4hriger Gesch\u00e4ftsf\u00fchrer und Betriebsbetreuer einer Gewerkschaft<\/p>\n\n\n\n<p><strong><em>Seminarinhalt<\/em><\/strong><\/p>\n\n\n\n<p><strong>1.)&nbsp;&nbsp; Grundlagen des Arbeitsrechts und der Betriebsverfassung<\/strong><\/p>\n\n\n\n<p><strong>2.)&nbsp;&nbsp; Errichtung einer JAV<\/strong><\/p>\n\n\n\n<p>Wahlzeitraum, Wahlverfahren, Amtszeit<\/p>\n\n\n\n<p><strong>3.)&nbsp;&nbsp; Rechtsstellung der JAV<\/strong><\/p>\n\n\n\n<p>\u2013 Zusammenwirken mit dem Betriebsrat<br>\u2013 Teilnahmerecht an Betriebsratssitzungen<br>\u2013 Stimmrecht im Betriebsrat<br>\u2013 Aussetzen von Beschl\u00fcssen<\/p>\n\n\n\n<p><strong>4.)&nbsp;&nbsp; Die Gesch\u00e4ftsf\u00fchrung der JAV<\/strong><\/p>\n\n\n\n<p>\u2013 Rechte und Pflichten<br>\u2013 Sitzungen der JAV<br>\u2013 Leitung der Sitzung<br>\u2013 Beschlussf\u00e4higkeit und Beschlussfassung<br>\u2013 Sprechstunden der JAV<br>\u2013 Kosten und Arbeitsvers\u00e4umnis<\/p>\n\n\n\n<p><strong>5.)&nbsp;&nbsp; Teilnahmerecht an gemeinsamen Besprechungen zwischen Arbeitgeber und Betriebsrat<\/strong><\/p>\n\n\n\n<p><strong>6.)&nbsp;&nbsp; Allgemeine Aufgaben der JAV<\/strong><\/p>\n\n\n\n<p>\u2013 Antrags- und \u00dcberwachungsrecht<br>\u2013 Vorlage von Unterlagen durch den Betriebsrat<\/p>\n\n\n\n<p><strong>7.)&nbsp;&nbsp; Jugend\u2013 und Auszubildendenversammlung&nbsp;<\/strong>\u2013 Voraussetzungen<br>\u2013 Anzahl, Ort und Zeitpunkt<br>\u2013 Einberufung und Leitung<br>\u2013 Teilnahmerecht<br>\u2013 Zul\u00e4ssige Themen<\/p>\n\n\n\n<p><strong>&nbsp;Seminar-Termin<\/strong><\/p>\n\n\n\n<p>05.-07. Dezember 2024<br><strong>f\u00fcr das Jahr 2025 folgen in K\u00fcrze<\/strong><\/p>\n\n\n\n<p><strong>&nbsp;Seminar-Zeiten<\/strong><\/p>\n\n\n\n<p>Beginn am ersten Tag: 9:30 Uhr<br>Ende am letzten Tag: 16:30 Uhr<\/p>\n\n\n\n<p><strong>Seminar-Ort<\/strong><\/p>\n\n\n\n<p>geplant<br>Hotel Schwarzwald Sonnenhof, Sch\u00f6mberg-Langenbrandt<br>Salmbacher Str. 35, 75328 Sch\u00f6mberg<\/p>\n\n\n\n<p><strong>Seminar-Kosten<\/strong><\/p>\n\n\n\n<p>\u20ac 890,- (brutto) , plus \u00dcbernachtung<\/p>\n\n\n\n<p><strong>Fahrtkosten<\/strong><\/p>\n\n\n\n<p>Die Fahrtkosten sind vom Teilnehmer direkt mit dem Arbeitgeber abzurechnen. Es gelten die betriebs\u00fcblichen<\/p>\n\n\n\n<p>Fahrtkostenregelungen.<\/p>\n\n\n\n<p><strong>Auskunft und Anmeldung<\/strong><\/p>\n\n\n\n<ul class=\"wp-block-list\">\n<li>Die Anmeldung muss schriftlich erfolgen. Sie k\u00f6nnen hierzu gerne den umseitigen Abschnitt benutzen.<\/li>\n\n\n\n<li>Jeder Teilnehmer erh\u00e4lt eine schriftliche Anmeldebest\u00e4tigung.<\/li>\n\n\n\n<li>Bei Stornierung der Anmeldung gelten folgende Regelungen:<\/li>\n<\/ul>\n\n\n\n<p>Bei R\u00fccktritt bis 3 Wochen vor Seminarbeginn fallen keine Kosten an.<\/p>\n\n\n\n<p>Bei R\u00fccktritt bis eine Woche vor Seminarbeginn stellen wir 20 % der Teilnehmergeb\u00fchr in Rechnung.<\/p>\n\n\n\n<p>Bei kurzfristiger Absage innerhalb einer Woche sind 50% der Teilnehmergeb\u00fchr zu zahlen.<\/p>\n\n\n\n<p>Bei Nichtteilnahme ohne vorherige Absage ist die volle Teilnehmergeb\u00fchr f\u00e4llig.<\/p>\n\n\n\n<p>Bei R\u00fcckfragen wenden Sie sich direkt an uns unter der angegebenen Adresse.<\/p>\n\n\n\n<p><strong>Der Arbeitgeber ist zur \u00dcbernahme der Kosten nach \u00a7 37.6 BetrVG und \u00a7 96 Abs. 4 SGB IX verpflichtet.<\/strong><\/p>\n\n\n\n<p>Hier auch Angaben zu den Hotelkosten mit und ohne \u00dcbernachtung.<\/p>\n","protected":false},"excerpt":{"rendered":"<p>Einladung zu Schulungs- und Bildungsma\u00dfnahmen f\u00fcr Betriebsr\u00e4te und JAV-Vertreter gem\u00e4\u00df \u00a7 37 Abs. 6 BetrVG Die BBS-Berufsbildungsst\u00e4tte e.V. veranstaltet f\u00fcr Betriebsratsmitglieder und Jugend- und AuszubildendenVertreter Seminare, die f\u00fcr die Arbeit als Mandatstr\u00e4ger und im Gremium erforderlich sind. Mit der Schaffung der JAV (Jugend- und Auszubildendenvertretung) haben sich die M\u00f6glichkeiten der betrieblichen Interessensvertretung im Jugend- und &hellip; <\/p>\n<p class=\"link-more\"><a href=\"https:\/\/www.bbs-cgm.de\/?page_id=56\" class=\"more-link\">Mehr <span class=\"screen-reader-text\">\u00fcber &#8222;JAV \u2013 Grundlagenseminar 2024 \u2013 Wahlen und Mandat&#8220; <\/span>Lesen<\/a><\/p>\n","protected":false},"author":1,"featured_media":0,"parent":0,"menu_order":0,"comment_status":"closed","ping_status":"closed","template":"","meta":{"footnotes":""},"class_list":["post-56","page","type-page","status-publish","hentry"],"_links":{"self":[{"href":"https:\/\/www.bbs-cgm.de\/index.php?rest_route=\/wp\/v2\/pages\/56","targetHints":{"allow":["GET"]}}],"collection":[{"href":"https:\/\/www.bbs-cgm.de\/index.php?rest_route=\/wp\/v2\/pages"}],"about":[{"href":"https:\/\/www.bbs-cgm.de\/index.php?rest_route=\/wp\/v2\/types\/page"}],"author":[{"embeddable":true,"href":"https:\/\/www.bbs-cgm.de\/index.php?rest_route=\/wp\/v2\/users\/1"}],"replies":[{"embeddable":true,"href":"https:\/\/www.bbs-cgm.de\/index.php?rest_route=%2Fwp%2Fv2%2Fcomments&post=56"}],"version-history":[{"count":2,"href":"https:\/\/www.bbs-cgm.de\/index.php?rest_route=\/wp\/v2\/pages\/56\/revisions"}],"predecessor-version":[{"id":147,"href":"https:\/\/www.bbs-cgm.de\/index.php?rest_route=\/wp\/v2\/pages\/56\/revisions\/147"}],"wp:attachment":[{"href":"https:\/\/www.bbs-cgm.de\/index.php?rest_route=%2Fwp%2Fv2%2Fmedia&parent=56"}],"curies":[{"name":"wp","href":"https:\/\/api.w.org\/{rel}","templated":true}]}}