{"id":65,"date":"2022-12-20T14:56:04","date_gmt":"2022-12-20T13:56:04","guid":{"rendered":"https:\/\/www.bbscgm.de\/?page_id=65"},"modified":"2024-07-16T18:01:30","modified_gmt":"2024-07-16T16:01:30","slug":"bzg-v-lebendige-demokratie-tarifpolitik-tarifrecht-tarifvertraege-und-ihre-auswirkung-auf-die-gesellschaft","status":"publish","type":"page","link":"https:\/\/www.bbs-cgm.de\/?page_id=65","title":{"rendered":"BzG V Lebendige Demokratie \u2013 Tarifpolitik, Tarifrecht Tarifvertr\u00e4ge und Ihre Auswirkung auf die Gesellschaft"},"content":{"rendered":"\n<p><strong>***<\/strong><strong>Seminarinhalt<\/strong><strong>***<\/strong><\/p>\n\n\n\n<ul class=\"wp-block-list\">\n<li><strong>Geschichtliche und politische Entwicklungen des Arbeits- und Tarifrechts in Deutschland<br>und Europa<\/strong><\/li>\n\n\n\n<li><strong>Gesellschaftliche Teilhabe und Gerechtigkeit durch Tarifvertr\u00e4ge<br>Tarifvertragliche Rechte und deren Dynamik sind keine Selbstverst\u00e4ndlichkeit<\/strong><\/li>\n\n\n\n<li><strong>tarifpolitische Antworten und Ans\u00e4tze zu Bildung Fachkr\u00e4ftesicherung Arbeitspolitik<\/strong><\/li>\n\n\n\n<li><strong>Gewerkschaftsrechte im Betrieb und Stellung des Einzelnen<\/strong><\/li>\n\n\n\n<li><strong>Die Stellung von Tarifvertr\u00e4gen im Gesellschafts- und Rechtssystem der Bundesrepublik<br>Deutschland<\/strong><\/li>\n\n\n\n<li><strong>Das Zustandekommen von Tarifvertr\u00e4gen<\/strong><\/li>\n\n\n\n<li><strong>Tarifpolitik der Gewerkschaften als Teil der Besch\u00e4ftigungspolitik: national und<br>international<\/strong><\/li>\n<\/ul>\n\n\n\n<p>Unter diesen \u00dcberschriften und Themenstellungen werden der&nbsp;Aufbau und die Vertiefung zur arbeitspolitischen und arbeitssicherheits- sowie arbeitsrechtlichen Weiterbildung und Qualifizierung gegeben. Erste Grundkenntnisse zu den strukturellen Hintergr\u00fcnden&nbsp;der arbeitspolitischen Gegebenheiten und den rechtlichen&nbsp;Rahmenbedingungen&nbsp;sind hilfreich. Diese allgemeinpolitische Weiterbildung richtet sich insbesondere&nbsp;an Vertrauensleute in Betrieben.<\/p>\n\n\n\n<p>Information und Kommunikation, Grundlagen der Zusammenarbeit von Betriebsrat und gewerkschaftlichen Vertrauensk\u00f6rpern, Recht des Einzelnen auf Information und Anh\u00f6rung, Besondere Einzelf\u00e4lle, Von der Absicht zur \u201eForderung \u201c zum Mandat, Was bedeutet Gremienarbeit?.<br>Wirtschaftliche und politische Rahmenbedingungen und deren Einfluss auf das Tarifgeschehen Tarifbindung, Organisationsgrad, Fl\u00e4chen- und Haustarifvertrag vs. Betriebliche B\u00fcndnisse, Tariff\u00e4hgikeit, Mindestlohn<\/p>\n\n\n\n<p>Auch f\u00fcr Arbeitnehmer sich dazu fortzubilden. In der Reihe der arbeitspolitischen und arbeitssicherheits- sowie arbeitsrechtlichen Weiterbildung und Qualifizierung ist dieses Seminar Grundlage und Aufbau.<\/p>\n\n\n\n<p>Veranstalter BBS-Berufsbildungsst\u00e4tte; (anerkannte Bildungseinrichtung nach dem Bildungszeitgesetz BW) &nbsp;&nbsp;&nbsp;&nbsp;&nbsp;&nbsp;&nbsp;&nbsp;&nbsp;&nbsp;&nbsp;&nbsp;&nbsp;&nbsp;&nbsp;&nbsp;&nbsp;&nbsp;&nbsp;&nbsp;&nbsp;&nbsp;&nbsp;&nbsp;&nbsp;&nbsp;&nbsp;&nbsp;&nbsp;&nbsp;&nbsp;&nbsp;&nbsp;&nbsp;&nbsp;&nbsp;&nbsp;&nbsp;&nbsp;&nbsp;&nbsp;&nbsp;&nbsp;&nbsp;&nbsp;&nbsp;&nbsp;&nbsp;&nbsp;&nbsp;&nbsp; Mercedesstrasse 17 I, 71063 Sindelfingen<\/p>\n\n\n\n<p>Telefon: 07424 503006<br>Fax: 07424 503008<\/p>\n\n\n\n<p><strong>Seminar-Termin<\/strong><\/p>\n\n\n\n<p><strong>25. \u2013 27.\u00a0November 20<\/strong>XX<\/p>\n\n\n\n<p><strong>weiteres f\u00fcr das Jahr\u00a02025 folgt in K\u00fcrze<\/strong><\/p>\n\n\n\n<p><strong>Seminar-Zeiten<\/strong><\/p>\n\n\n\n<p>Beginn am ersten Tag: Anreise bis 9:00 Uhr<br>Ende am letzten Tag: Abreise ab 16:00 Uhr<\/p>\n\n\n\n<p><strong>Seminar-Ort<\/strong><\/p>\n\n\n\n<p>BBS-Gesch\u00e4ftsstelle<br>Mercedesstr. 17 I<br>71063 Sindelfingen<br>Tel: +49 (0)7031 \/ 7155730; http:\/\/www.bbs-cgm.de<\/p>\n\n\n\n<p><strong>Seminar-Kosten<\/strong><\/p>\n\n\n\n<p>\u20ac 139,- (zzgl. MwSt) bei 1 Teilnehmer, ohne \u00dcbernachtung<\/p>\n\n\n\n<p>Schulungen nach Bildungszeitgesetz BW<\/p>\n","protected":false},"excerpt":{"rendered":"<p>***Seminarinhalt*** Unter diesen \u00dcberschriften und Themenstellungen werden der&nbsp;Aufbau und die Vertiefung zur arbeitspolitischen und arbeitssicherheits- sowie arbeitsrechtlichen Weiterbildung und Qualifizierung gegeben. Erste Grundkenntnisse zu den strukturellen Hintergr\u00fcnden&nbsp;der arbeitspolitischen Gegebenheiten und den rechtlichen&nbsp;Rahmenbedingungen&nbsp;sind hilfreich. Diese allgemeinpolitische Weiterbildung richtet sich insbesondere&nbsp;an Vertrauensleute in Betrieben. Information und Kommunikation, Grundlagen der Zusammenarbeit von Betriebsrat und gewerkschaftlichen Vertrauensk\u00f6rpern, Recht des &hellip; <\/p>\n<p class=\"link-more\"><a href=\"https:\/\/www.bbs-cgm.de\/?page_id=65\" class=\"more-link\">Mehr <span class=\"screen-reader-text\">\u00fcber &#8222;BzG V Lebendige Demokratie \u2013 Tarifpolitik, Tarifrecht Tarifvertr\u00e4ge und Ihre Auswirkung auf die Gesellschaft&#8220; <\/span>Lesen<\/a><\/p>\n","protected":false},"author":1,"featured_media":0,"parent":0,"menu_order":0,"comment_status":"closed","ping_status":"closed","template":"","meta":{"footnotes":""},"class_list":["post-65","page","type-page","status-publish","hentry"],"_links":{"self":[{"href":"https:\/\/www.bbs-cgm.de\/index.php?rest_route=\/wp\/v2\/pages\/65","targetHints":{"allow":["GET"]}}],"collection":[{"href":"https:\/\/www.bbs-cgm.de\/index.php?rest_route=\/wp\/v2\/pages"}],"about":[{"href":"https:\/\/www.bbs-cgm.de\/index.php?rest_route=\/wp\/v2\/types\/page"}],"author":[{"embeddable":true,"href":"https:\/\/www.bbs-cgm.de\/index.php?rest_route=\/wp\/v2\/users\/1"}],"replies":[{"embeddable":true,"href":"https:\/\/www.bbs-cgm.de\/index.php?rest_route=%2Fwp%2Fv2%2Fcomments&post=65"}],"version-history":[{"count":2,"href":"https:\/\/www.bbs-cgm.de\/index.php?rest_route=\/wp\/v2\/pages\/65\/revisions"}],"predecessor-version":[{"id":142,"href":"https:\/\/www.bbs-cgm.de\/index.php?rest_route=\/wp\/v2\/pages\/65\/revisions\/142"}],"wp:attachment":[{"href":"https:\/\/www.bbs-cgm.de\/index.php?rest_route=%2Fwp%2Fv2%2Fmedia&parent=65"}],"curies":[{"name":"wp","href":"https:\/\/api.w.org\/{rel}","templated":true}]}}

BzG V Lebendige Demokratie – Tarifpolitik, Tarifrecht Tarifverträge und Ihre Auswirkung auf die Gesellschaft

<p><strong>***</strong><strong>Seminarinhalt</strong><strong>***</strong></p>



<ul class="wp-block-list">
<li><strong>Geschichtliche und politische Entwicklungen des Arbeits- und Tarifrechts in Deutschland<br>und Europa</strong></li>



<li><strong>Gesellschaftliche Teilhabe und Gerechtigkeit durch Tarifverträge<br>Tarifvertragliche Rechte und deren Dynamik sind keine Selbstverständlichkeit</strong></li>



<li><strong>tarifpolitische Antworten und Ansätze zu Bildung Fachkräftesicherung Arbeitspolitik</strong></li>



<li><strong>Gewerkschaftsrechte im Betrieb und Stellung des Einzelnen</strong></li>



<li><strong>Die Stellung von Tarifverträgen im Gesellschafts- und Rechtssystem der Bundesrepublik<br>Deutschland</strong></li>



<li><strong>Das Zustandekommen von Tarifverträgen</strong></li>



<li><strong>Tarifpolitik der Gewerkschaften als Teil der Beschäftigungspolitik: national und<br>international</strong></li>
</ul>



<p>Unter diesen Überschriften und Themenstellungen werden der&nbsp;Aufbau und die Vertiefung zur arbeitspolitischen und arbeitssicherheits- sowie arbeitsrechtlichen Weiterbildung und Qualifizierung gegeben. Erste Grundkenntnisse zu den strukturellen Hintergründen&nbsp;der arbeitspolitischen Gegebenheiten und den rechtlichen&nbsp;Rahmenbedingungen&nbsp;sind hilfreich. Diese allgemeinpolitische Weiterbildung richtet sich insbesondere&nbsp;an Vertrauensleute in Betrieben.</p>



<p>Information und Kommunikation, Grundlagen der Zusammenarbeit von Betriebsrat und gewerkschaftlichen Vertrauenskörpern, Recht des Einzelnen auf Information und Anhörung, Besondere Einzelfälle, Von der Absicht zur „Forderung “ zum Mandat, Was bedeutet Gremienarbeit?.<br>Wirtschaftliche und politische Rahmenbedingungen und deren Einfluss auf das Tarifgeschehen Tarifbindung, Organisationsgrad, Flächen- und Haustarifvertrag vs. Betriebliche Bündnisse, Tariffähgikeit, Mindestlohn</p>



<p>Auch für Arbeitnehmer sich dazu fortzubilden. In der Reihe der arbeitspolitischen und arbeitssicherheits- sowie arbeitsrechtlichen Weiterbildung und Qualifizierung ist dieses Seminar Grundlage und Aufbau.</p>



<p>Veranstalter BBS-Berufsbildungsstätte; (anerkannte Bildungseinrichtung nach dem Bildungszeitgesetz BW) &nbsp;&nbsp;&nbsp;&nbsp;&nbsp;&nbsp;&nbsp;&nbsp;&nbsp;&nbsp;&nbsp;&nbsp;&nbsp;&nbsp;&nbsp;&nbsp;&nbsp;&nbsp;&nbsp;&nbsp;&nbsp;&nbsp;&nbsp;&nbsp;&nbsp;&nbsp;&nbsp;&nbsp;&nbsp;&nbsp;&nbsp;&nbsp;&nbsp;&nbsp;&nbsp;&nbsp;&nbsp;&nbsp;&nbsp;&nbsp;&nbsp;&nbsp;&nbsp;&nbsp;&nbsp;&nbsp;&nbsp;&nbsp;&nbsp;&nbsp;&nbsp; Mercedesstrasse 17 I, 71063 Sindelfingen</p>



<p>Telefon: 07424 503006<br>Fax: 07424 503008</p>



<p><strong>Seminar-Termin</strong></p>



<p><strong>25. – 27. November 20</strong>XX</p>



<p><strong>weiteres für das Jahr 2025 folgt in Kürze</strong></p>



<p><strong>Seminar-Zeiten</strong></p>



<p>Beginn am ersten Tag: Anreise bis 9:00 Uhr<br>Ende am letzten Tag: Abreise ab 16:00 Uhr</p>



<p><strong>Seminar-Ort</strong></p>



<p>BBS-Geschäftsstelle<br>Mercedesstr. 17 I<br>71063 Sindelfingen<br>Tel: +49 (0)7031 / 7155730; http://www.bbs-cgm.de</p>



<p><strong>Seminar-Kosten</strong></p>



<p>€ 139,- (zzgl. MwSt) bei 1 Teilnehmer, ohne Übernachtung</p>



<p>Schulungen nach Bildungszeitgesetz BW</p>

<p>***Seminarinhalt*** Unter diesen Überschriften und Themenstellungen werden der&nbsp;Aufbau und die Vertiefung zur arbeitspolitischen und arbeitssicherheits- sowie arbeitsrechtlichen Weiterbildung und Qualifizierung gegeben. Erste Grundkenntnisse zu den strukturellen Hintergründen&nbsp;der arbeitspolitischen Gegebenheiten und den rechtlichen&nbsp;Rahmenbedingungen&nbsp;sind hilfreich. Diese allgemeinpolitische Weiterbildung richtet sich insbesondere&nbsp;an Vertrauensleute in Betrieben. Information und Kommunikation, Grundlagen der Zusammenarbeit von Betriebsrat und gewerkschaftlichen Vertrauenskörpern, Recht des &hellip; </p>
<p class="link-more"><a href="https://www.bbs-cgm.de/?page_id=65" class="more-link">Mehr <span class="screen-reader-text">über &#8222;BzG V Lebendige Demokratie – Tarifpolitik, Tarifrecht Tarifverträge und Ihre Auswirkung auf die Gesellschaft&#8220; </span>Lesen</a></p>
